{"version":"1.0","provider_name":"Firmalan.com","provider_url":"https:\/\/firmalan.noordev.se\/sv\/","author_name":"admin","author_url":"https:\/\/firmalan.noordev.se\/sv\/author\/firmalan\/","title":"Junckerplanen och EFSI \u2013 dess syfte och resultat - Firmalan.com","type":"rich","width":600,"height":338,"html":"<blockquote class=\"wp-embedded-content\" data-secret=\"KgWgI7RGhQ\"><a href=\"https:\/\/firmalan.noordev.se\/sv\/junckerplanen-och-efsi-dess-syfte-och-resultat\/nyheter\/\">Junckerplanen och EFSI \u2013 dess syfte och resultat<\/a><\/blockquote><iframe sandbox=\"allow-scripts\" security=\"restricted\" src=\"https:\/\/firmalan.noordev.se\/sv\/junckerplanen-och-efsi-dess-syfte-och-resultat\/nyheter\/embed\/#?secret=KgWgI7RGhQ\" width=\"600\" height=\"338\" title=\"\u201dJunckerplanen och EFSI \u2013 dess syfte och resultat\u201d &ndash; Firmalan.com\" data-secret=\"KgWgI7RGhQ\" frameborder=\"0\" marginwidth=\"0\" marginheight=\"0\" scrolling=\"no\" class=\"wp-embedded-content\"><\/iframe><script>\n\/*! This file is auto-generated *\/\n!function(d,l){\"use strict\";l.querySelector&&d.addEventListener&&\"undefined\"!=typeof URL&&(d.wp=d.wp||{},d.wp.receiveEmbedMessage||(d.wp.receiveEmbedMessage=function(e){var t=e.data;if((t||t.secret||t.message||t.value)&&!\/[^a-zA-Z0-9]\/.test(t.secret)){for(var s,r,n,a=l.querySelectorAll('iframe[data-secret=\"'+t.secret+'\"]'),o=l.querySelectorAll('blockquote[data-secret=\"'+t.secret+'\"]'),c=new RegExp(\"^https?:$\",\"i\"),i=0;i<o.length;i++)o[i].style.display=\"none\";for(i=0;i<a.length;i++)s=a[i],e.source===s.contentWindow&&(s.removeAttribute(\"style\"),\"height\"===t.message?(1e3<(r=parseInt(t.value,10))?r=1e3:~~r<200&&(r=200),s.height=r):\"link\"===t.message&&(r=new URL(s.getAttribute(\"src\")),n=new URL(t.value),c.test(n.protocol))&&n.host===r.host&&l.activeElement===s&&(d.top.location.href=t.value))}},d.addEventListener(\"message\",d.wp.receiveEmbedMessage,!1),l.addEventListener(\"DOMContentLoaded\",function(){for(var e,t,s=l.querySelectorAll(\"iframe.wp-embedded-content\"),r=0;r<s.length;r++)(t=(e=s[r]).getAttribute(\"data-secret\"))||(t=Math.random().toString(36).substring(2,12),e.src+=\"#?secret=\"+t,e.setAttribute(\"data-secret\",t)),e.contentWindow.postMessage({message:\"ready\",secret:t},\"*\")},!1)))}(window,document);\n\/\/# sourceURL=https:\/\/firmalan.noordev.se\/wp-includes\/js\/wp-embed.min.js\n<\/script>\n","thumbnail_url":"https:\/\/firmalan.noordev.se\/wp-content\/uploads\/2019\/11\/eu.jpg","thumbnail_width":319,"thumbnail_height":240,"description":"EU:s starke man Jean-Claude Juncker \u00e4r utbildad advokat, kristdemokrat och politisk statsman. Mellan \u00e5ren 1995 till 2013 var Juncker Luxemburgs premi\u00e4rminister, sedan 2014 \u00e4r han Europeiska kommissionens ordf\u00f6rande. Inf\u00f6r ordf\u00f6randevalet 2014 utlovade Juncker starkt och stort fokus p\u00e5 ekonomisk tillv\u00e4xt. \u00a0Genom m\u00e5ngmiljarder investeringar ville Juncker s\u00e4tta fart p\u00e5 de tr\u00f6ga europeiska ekonomierna och locka globala [&hellip;]"}

EU:s starke man Jean-Claude Juncker är utbildad advokat, kristdemokrat och politisk statsman. Mellan åren 1995 till 2013 var Juncker Luxemburgs premiärminister, sedan 2014 är han Europeiska kommissionens ordförande. Inför ordförandevalet 2014 utlovade Juncker starkt och stort fokus på ekonomisk tillväxt.  Genom mångmiljarder investeringar ville Juncker sätta fart på de tröga europeiska ekonomierna och locka globala [&hellip;]
